5af?
-2400
In base 16, what is 73e54 - 24?
73e30
In base 3, what is -201201010201 + 200200?
-201200110001
In base 4, what is -31201333 - 31?
-31202030
In base 7, what is 21441 - -6311?
31052
In base 16, what is 2abf0 + 866?
2b456
In base 2, what is -101010 + -11010111011001100010111?
-11010111011001101000001
In base 7, what is -5 - 62246031?
-62246036
In base 4, what is 1312022122 - -311?
1312023033
In base 10, what is -329 + 2696?
2367
In base 11, what is 211 + -19499?
-19288
In base 10, what is -223 + -106754?
-106977
In base 11, what is -183 - 13019?
-131a1
In base 9, what is -17 + -6200874?
-6201002
In base 10, what is 15454895 + 5?
15454900
In base 4, what is -2 - -30322123322122?
30322123322120
In base 13, what is 240ac20 - -22?
240ac42
In base 13, what is 5 + -1383094a?
-13830945
In base 11, what is -10473293 + 5?
-10473289
In base 8, what is -16 - 2257560?
-2257576
In base 7, what is -3 + -6654326130?
-6654326133
In base 12, what is -2 + -33675aa?
-33675b0
In base 13, what is 3 - -26781?
26784
In base 6, what is -35243555 + 24?
-35243531
In base 12, what is 41 - b0265?
-b0224
In base 12, what is 211b3 - -a6?
21299
In base 6, what is -4442123 - -324?
-4441355
In base 13, what is 19 - -31450a0?
31450b9
In base 9, what is 3783 + 4045?
7838
In base 16, what is -258d6 - -14?
-258c2
In base 3, what is 10020221022102222 - 21?
10020221022102201
In base 4, what is -3 - -113010300332012?
113010300332003
In base 13, what is 1b008 + 3542?
2154a
In base 11, what is -944 + -25046?
-2598a
In base 12, what is -100 + a1048?
a0b48
In base 9, what is -3 - -17564823?
17564820
In base 16, what is 20e + 2d42?
2f50
In base 5, what is 132 - 10323144?
-10323012
In base 13, what is -a9aa5 + -2?
-a9aa7
In base 11, what is -5 - -105a947?
105a942
In base 14, what is -8d9b3 - -15?
-8d99c
In base 10, what is -16472764 + -1?
-16472765
In base 9, what is -10511712 + 1?
-10511711
In base 13, what is 15 + -3b5ab?
-3b596
In base 2, what is -111001100110010000 + 11101?
-111001100101110011
In base 14, what is -2d1877c - 3?
-2d18781
In base 10, what is -1342 - 8877?
-10219
In base 2, what is -110001011111110 - -10000100001111?
-100000111101111
In base 7, what is -13002335 - 4?
-13002342
In base 14, what is -5 - -4180add?
4180ad8
In base 13, what is -160c5 - -19c7?
-143cb
In base 7, what is -2306561 + 5052?
-2301506
In base 4, what is 32 - 130012012?
-130011320
In base 4, what is 3 - 11220013113?
-11220013110
In base 13, what is -27 + -1bb388?
-1bb3b2
In base 16, what is -1c8af8 - -a?
-1c8aee
In base 16, what is b + -33293a1?
-3329396
In base 9, what is 26 + -1778457?
-1778431
In base 6, what is 241235 - 1323?
235512
In base 4, what is -21020333 + 21010?
-20333323
In base 4, what is 1 - -331122132131?
331122132132
In base 14, what is 3dacd - -c6?
3dbb5
In base 13, what is 6063b + -72?
60599
In base 4, what is -323302012 + 32100?
-323203312
In base 16, what is -23c9036 + 5?
-23c9031
In base 16, what is dab + -65b?
750
In base 8, what is -24547 + 7?
-24540
In base 10, what is -2078715 + 3?
-2078712
In base 8, what is 4 + 12737067?
12737073
In base 3, what is -10 + 2012100120121?
2012100120111
In base 12, what is -145 + 17702a?
176aa5
In base 16, what is -10e57d + 35?
-10e548
In base 11, what is -115 - -12328?
12213
In base 6, what is -24 + -1005134552?
-1005135020
In base 12, what is 2ba119b4 - -2?
2ba119b6
In base 10, what is -74136 - -288?
-73848
In base 14, what is 3 + -1a1034bb?
-1a1034b8
In base 3, what is -12102222 - -2210200?
-2122022
In base 2, what is 11101100111101100110 - 10?
11101100111101100100
In base 4, what is -322313 + 1012213313?
1011231000
In base 9, what is -18343105 - 42?
-18343147
In base 8, what is 5 - -154551?
154556
In base 12, what is 48a5876 - 3?
48a5873
In base 6, what is -45455124 + 15?
-45455105
In base 10, what is 22 - -15291222?
15291244
In base 4, what is -130322112211 + -33?
-130322112310
In base 7, what is 642241411 - -2?
642241413
In base 16, what is -4 - -24919d?
249199
In base 2, what is 100110101110000 + 10101000?
100111000011000
In base 3, what is -2210002210101200 + 21?
-2210002210101102
In base 8, what is -1003 - -14002?
12777
In base 13, what is -11a - -1549?
142c
In base 5, what is 23241033324 - -1?
23241033330
In base 12, what is -1a69a9 + 8?
-1a69a1
In base 8, what is 30773 + -41031?
-10036
In base 9, what is 35523 - 238?
35274
In base 7, what is -10 - -44402646?
44402636
In base 6, what is 505 - -1333233?
1334142
In base 7, what is -1355 - 2133616?
-2135304
In base 5, what is 30332 + 122201?
203033
In base 10, what is -3 - 14967326?
-14967329
In base 5, what is 10012421 + 243423?
10311344
In base 4, what is 2313321203313 + 10?
2313321203323
In base 3, what is -112022 + -111001202?
-111121001
In base 5, what is 2444000 + -243?
2443202
In base 14, what is -2d9 - 41c80?
-42179
In base 8, what is -2404 - 224775?
-227401
In base 5, what is 2 - 24242122231?
-24242122224
In base 14, what is -a9b + 74d5?
6838
In base 3, what is 0 - 20111121102212221?
-20111121102212221
In base 2, what is -100100100101 - 100101111110?
-1001010100011
In base 16, what is -c7 + -f9bcc?
-f9c93
In base 10, what is -16 + 999852?
999836
In base 5, what is 424001 + -112?
423334
In base 15, what is 1aeccce - 2?
1aecccc
In base 5, what is -4 - 40200040?
-40200044
In base 9, what is -132658 - -138?
-132520
In base 6, what is -3 - 1135142440?
-1135142443
In base 16, what is b9e + -e43?
-2a5
In base 12, what is -381b9411 + 5?
-381b9408
In base 11, what is -266 + 2088?
1922
In base 10, what is 4 - -4595218?
4595222
In base 12, what is 15b489 + a6?
15b573
In base 11, what is -681a837 - 2?
-681a839
In base 9, what is 15543741 - 1?
15543740
In base 9, what is -3 + -6401433?
-6401436
In base 9, what is 0 + -145058316?
-145058316
In base 9, what is 22824200 - -16?
22824216
In base 7, what is 5 + -423031420?
-423031412
In base 15, what is 8123 + b4?
81d7
In base 16, what is -2b + 639807?
6397dc
In base 6, what is 1503442410 + 11?
1503442421
In base 12, what is -61 - 16414?
-16475
In base 8, what is -2601126335 + -1?
-2601126336
In base 5, what is -3443213 - -3101?
-3440112
In base 2, what is 10 + -110010110101001000?
-110010110101000110
In base 6, what is -30031 + -11?
-30042
In base 8, what is -5242 + 360453?
353211
In base 11, what is 14 - -76881a9?
7688212
In base 14, what is 5 + -20b899?
-20b894
In base 13, what is -138c19 + -6?
-138c22
In base 7, what is 12120564 - -122?
12121016
In base 10, what is -179251 - -6055?
-173196
In base 12, what is 3 - 192729b7?
-192729b4
In base 10, what is 4531083 - -8?
4531091
In base 14, what is -b89 - 59b?
-1346
In base 14, what is -1497d + 1d?
-14960
In base 16, what is -1b - -9c540b?
9c53f0
In base 15, what is -4 + 27aa22?
27aa1d
In base 14, what is 3c5ad7 + da?
3c5bd3
In base 8, what is -5 + 646450437?
646450432
In base 2, what is 110111000010 + 11100100001000?
100011011001010
In base 8, what is -27 - -2006211?
2006162
In base 6, what is -1 - 12021225353?
-12021225354
In base 15, what is -c6 + b90c?
b836
In base 16, what is 404223 + 2?
404225
In base 4, what is 10331 - -1021103033?
1021120030
In base 12, what is -18399a3 + a?
-1839995
In base 4, what is 101222 + -2131011?
-2023123
In base 13, what is -35a9a - -82?
-35a18
In base 11, what is -26246 + -55a6?
-30841
In base 15, what is -16ecc146 - -5?
-16ecc141
In base 13, what is -67 - 3342c?
-33496
In base 8, what is 43 + -436635?
-436572
In base 12, what is -a61915 + 10a?
-a61807
In base 10, what is 6179516 - -3?
6179519
In base 12, what is -25318 + 413?
-24b05
In base 7, what is 124645 - 356?
124256
In base 9, what is -14 - 66515040?
-66515054
In base 4, what is 23320200 + 1302202?
31223002
In base 11, what is -41 + 9a6301?
9a6270
In base 15, what is -24b4d51 + 2?
-24b4d4e
In base 7, what is 2202 + -1011005?
-1005503
In base 5, what is -4220412301 - 10?
-4220412311
In base 5, what is 41432 + -131032?
-34100
In base 4, what is 100 + -3011133012?
-3011132312
In base 9, what is -3311 - 78014?
-82325
In base 3, what is -2021121 + -10210012?
-20001210
In base 11, what is -434 - -67441?
67008
In base 11, what is -72625 + -8?
-72632
In base 12, what is 4b622 - -25?
4b647
In base 8, what is -176343 - 135?
-176500
In base 4, what is -1 - -11010111302303?
11010111302302
In base 9, what is